(-28) - 6/21. What is the remainder when (r/((-6)/43))/(2/4) is divided by p?
7
Let o be (-2)/(-1 - -2) + (-694)/(-2). Suppose 3*i + 2*x = 4*i - 70, 5*x + o = 5*i. What is the remainder when i is divided by 12?
8
Let m = -127 + 275. Suppose 36 = 8*d - m. Calculate the remainder when 89 is divided by d.
20
Suppose -n + 16 = 4*n - 2*w, 0 = -3*n - 3*w + 18. Suppose 67*o = 82*o - 450. Suppose -l = -n*l + o. Calculate the remainder when 39 is divided by l.
9
Suppose 12*c - 97*c = 110*c - 1085565. What is the remainder when c is divided by 164?
155
Let z(h) = h - 15. Suppose -2*i + 4*b = -182, i - 2*i = 5*b - 70. Let l = 109 - i. Calculate the remainder when 33 is divided by z(l).
6
Let x(l) = 2*l**2 - 102*l + 847. What is the remainder when 3911 is divided by x(10)?
23
Suppose -3*w = -k - 121, 5*w = 5*k - 94 + 279. Suppose m = -m + w. What is the remainder when m is divided by ((-56)/20)/((-27)/((-2025)/(-30)))?
0
Let i(s) = 2*s**2 + 179*s + 702. What is the remainder when 190 is divided by i(-4)?
10
Let d = -82 + 117. Let w(f) = -f**2 + 206*f + 1. Let y(q) = -q**2 + 5*q + 1. Let b(o) = -w(o) + 6*y(o). Calculate the remainder when b(-34) is divided by d.
34
Let d = -35564 + 35838. What is the remainder when d is divided by 43?
16
Suppose 0 = 3*o + 4*f - 210, -7*f - 70 = -o - 8*f. What is the remainder when 599 is divided by o?
39
Let v = -5272 + 5333. Calculate the remainder when 2317 is divided by v.
60
Let r(h) = -53*h - 2801. Calculate the remainder when 656 is divided by r(-54).
46
Suppose y = -4*y + 625. What is the remainder when y is divided by (-1 + 0)/(2/(-17 + 1))?
5
Let i = -3580 + 3672. What is the remainder when 4321 is divided by i?
89
Let g(z) = -z**3 + 2*z**2 - 2*z + 4. Let r be g(3). Let w(b) = -b - 19. Let u be w(r). Let o = 14 + u. What is the remainder when o is divided by 5?
1
Let r = -24897 - -27065. What is the remainder when r is divided by 75?
68
Let x(g) = g**3 - 4*g**2 - 6. Let a(q) = -q**3 + 6*q**2 + 6*q - 31. Let j = 336 - 330. What is the remainder when x(5) is divided by a(j)?
4
Calculate the remainder when 333 is divided by 323 + (78/(-65))/((-4)/10).
7
Suppose -2*d + 39 = -35. Let y = 1865 - 1533. What is the remainder when y is divided by d?
36
Suppose 4*c - 3*o = 11, 2*c - o - 3*o - 8 = 0. Let i(h) = h**3 + 2 + h**2 - 24 - h**c - 15*h - 7*h**2. Calculate the remainder when i(10) is divided by 43.
42
Let o(a) = -2*a - 4. Let b be o(-4). Let l = 6 - b. Suppose -22*f + 19*f + 4*t = -41, 5*f + 5*t = -25. Calculate the remainder when f is divided by l.
1
Let j = -11 + 9. Let d = j + 9. What is the remainder when -18*1*(-6)/4 is divided by d?
6
Let a = 35 - 40. Let z(s) = -10*s - 34. Calculate the remainder when 54 is divided by z(a).
6
Let p(s) = s**2 - 6*s + 24. Suppose k - 2*k - 61 = -4*n, 3*n = 2*k + 42. What is the remainder when p(n) is divided by 93?
91
Let i be (-92977)/327 - (0 - 4/(-6)). Let h = i + 339. What is the remainder when h is divided by 20?
14
Suppose -128*n + 121*n + 1806 = 0. Calculate the remainder when 128 is divided by 28/84*n/(1 + 1).
42
Let n = 217 + -209. Suppose 4*h - 731 = 7*j - 2*j, 5*h + 2*j - 955 = 0. Calculate the remainder when h is divided by n.
5
Let x(w) = -14*w + 50. Let i be x(4). Let d(j) = 5*j**2 + 23*j - 14. Calculate the remainder when d(i) is divided by 9.
1
Let q(h) = 2*h**2 - h + 463. What is the remainder when q(0) is divided by 102?
55
Suppose 21*v - 5476 = -82*v + 1116. Calculate the remainder when 827 is divided by v.
59
Suppose -80*h = -72952 - 248. What is the remainder when h is divided by 225?
15
Let p(f) = f**2 + 4. What is the remainder when p(-5) is divided by (1904 - 1893)*3/(66/8)?
1
Let y be ((-18)/4)/(2/4). Let a(w) = 18 - 4 - 83*w + 6 + 85*w. What is the remainder when 6 is divided by a(y)?
0
Let h(b) = -b**2 + 15*b + 818. Calculate the remainder when h(-21) is divided by 23.
16
Let h = 124 + -114. Suppose h*g = -327 + 927. What is the remainder when g is divided by 35/4 - (-1)/4?
6
Let p(s) = -s**3 + 35*s**2 - 72*s + 276. What is the remainder when 247 is divided by p(33)?
13
Suppose -2*f - 16 = -n - n, -3*n = 3*f - 24. Calculate the remainder when ((-8)/6)/((-5)/(-61)*292/(-1095)) is divided by n.
5
Let o(f) = 69*f**3 + 7*f**2 - 5*f + 8. Calculate the remainder when o(2) is divided by 83.
80
Suppose -83 = -44*x + 133 + 92. What is the remainder when x is divided by 4?
3
Suppose 2*x - f - 88 - 248 = 0, 0 = -2*f. Calculate the remainder when x is divided by 143.
25
Suppose -3*s - 3*z = -162, -4*z = 5 - 1. Suppose 19*f = 291 - 25. Calculate the remainder when s is divided by f.
13
Let h(d) = -954*d + 2155. Calculate the remainder when h(2) is divided by (31/(-2))/((-2)/8).
61
Let y = 3856 - 3822. Calculate the remainder when 36 is divided by y.
2
Let h(p) = 6*p + 133. Let o = -2 + 4. Suppose -o*s = 4*t - 116, -2*t = t - 2*s - 101. What is the remainder when h(-12) is divided by t?
30
Suppose 8*k - 9*k - 3*s + 12 = 0, -5*k = -s - 12. Calculate the remainder when 429/9 - 4/6 is divided by 1 + k + -7 - 2 - -22.
13
Suppose -281 = -21*b + 55. Suppose 2*g + b*g = 468. What is the remainder when 37 is divided by g?
11
Let i be (-28)/(-42)*(-33)/(-2). Let d = 33 - i. Calculate the remainder when (8/24)/((-1)/(-43))*9 is divided by d.
19
Let t(o) = o**3 + 6*o**2 - 2*o - 1. What is the remainder when (-397)/(-7) + (-27)/42*(-4)/9 is divided by t(-5)?
23
Suppose u - 6 - 44 = 0. What is the remainder when u is divided by (99/(-6))/((-27)/18)?
6
Let c(f) = -15*f**3 + 21*f**2 + 86*f. Calculate the remainder when c(-4) is divided by 159.
157
Suppose -2 = 359*m - 358*m. Calculate the remainder when 150 + 0 + 0*(-1)/m is divided by 67.
16
Let a = 396 + -863. Let b = -25 - a. Calculate the remainder when b is divided by 74.
72
Calculate the remainder when 465 is divided by -2*(-71 + -3) - 10.
51
Calculate the remainder when 721 is divided by 19 + 15092/110 + (-12)/(-15).
93
Let y(z) = 1788*z**2 + 16 + 12*z - 3583*z**2 + 1796*z**2. What is the remainder when 605 is divided by y(-17)?
100
Let u(m) = -7*m - 27. Let p be (-3 + 9/6)/(9/(-12)). Let f be (p/(-4))/((-2)/(-24)). What is the remainder when u(f) is divided by 4?
3
Let r(d) = -2*d - 24. Let b be r(-18). Suppose 122 + 298 = b*k. Calculate the remainder when k is divided by 16.
3
Suppose 22*u = 20*u + 82. Let r(s) = 4*s**2 + 3*s - 5. Let c be r(-3). Suppose -c*v + 18*v = -88. What is the remainder when u is divided by v?
19
Suppose 0*i + 2*u - 54 = -2*i, 2*i = -u + 49. Let o(j) = j**3 + 12*j**2 - 16*j - 18. Calculate the remainder when i is divided by o(-13).
1
Let d = -76 + 98. Let q(j) = -j**3 + 24*j**2 - 42*j + 3. Let h be q(d). Calculate the remainder when 0 + -4*h/(-2) is divided by 12.
10
Let n(b) = 2*b - 5. Let w be n(5). Suppose g - w*g + 1250 = 5*s, -787 = -3*s + 5*g. Calculate the remainder when 105 is divided by s/7 - 2/(-35)*-5.
33
Suppose 362*m - 97004 = 65896. Calculate the remainder when 1822 is divided by m.
22
Let l = -885 - -480. What is the remainder when (-3)/(l/4608) - 2/15 is divided by 16?
2
Suppose -6*s + 4*s - i = -73, 0 = -2*s + 2*i + 58. Let f = -350 - -371. What is the remainder when s is divided by f?
13
Let c be (-6)/(-5)*200/30. Suppose -c*r = -7*r - 86. Suppose 13*q = 9*q + 88. What is the remainder when r is divided by q?
20
Let g(k) = 21*k**2 - 6*k + 1. Let p = -263 + 387. Calculate the remainder when p is divided by g(1).
12
Let w(m) = 2*m**2 + 24*m - 8. Let r be w(-14). Suppose 84 = 50*b - r*b. What is the remainder when 82 is divided by b?
40
Suppose 0 = -0*j - 3*j + 2*b + 8639, -5 = -b. What is the remainder when j is divided by 574?
13
Let a(t) = -t**3 - 3*t**2 - 7*t - 6. Suppose -5*m + 14 = -11. Suppose 0 = 3*p + 4*i - 4 - 0, -m*p - 4 = 4*i. What is the remainder when a(p) is divided by 20?
18
Let b(g) = -2*g**3 + 55*g**2 + 48*g + 41. Calculate the remainder when b(27) is divided by 44.
42
Let z(u) = 877*u - 4212. What is the remainder when 1567 is divided by z(5)?
10
Suppose -3*h = h + 2*d - 1618, -2*h + 834 = -4*d. Suppose 2*n = -4*s + 802, -n - h = -2*s + 4*n. What is the remainder when s is divided by 68?
65
Suppose 2*t - 4*t - 90 = 0. Let z = 2092 + -2005. Let q = t + z. What is the remainder when q is divided by 12?
6
Suppose 0 = -9*g + 4*g + 330. Let d be (-1 - -13)/(219/3